 when s is divided by 320/18 + 170/1020 + 1/18?
15
Let s(r) = r**2 + 50*r + 165. What is the remainder when 93 is divided by s(-3)?
21
Let g = -2514 - -2542. Calculate the remainder when 445 is divided by g.
25
Suppose -141*f + 490 + 544 = -47*f. What is the remainder when (-13)/(1 + (-6)/4) is divided by f?
4
Let b be (-20)/(-120) + 1/(-6). Suppose -14*k + 62 + 1198 = b. What is the remainder when 188 is divided by k?
8
Let v = -496 + 1086. What is the remainder when v is divided by 60?
50
Suppose 0 = -143*p + 119*p + 6768. What is the remainder when p is divided by 7?
2
Calculate the remainder when 105/(-14)*(-2)/6*14610/25 is divided by 51.
33
Calculate the remainder when -6 + (11 - -4) - (-370 + 3) is divided by 7.
5
Let a(y) = -40*y - 2230. Calculate the remainder when 866 is divided by a(-60).
16
Let c(y) = y**3 - y**2 + 4*y - 3. Suppose -2*b + 14 = 5*u, -b + 0*b = -u. Calculate the remainder when c(u) is divided by 4.
1
Suppose -5*n - 2*z + 266 = 0, 5*z = n - 37 - 27. Let q = n + -25. Let r(j) = 2*j**2 - 1856*j - 20515. Calculate the remainder when r(-11) is divided by q.
27
Let a = -412 + 611. Calculate the remainder when a is divided by (-5 - -8)*(-7 + 25).
37
Suppose -1011 + 291 = -8*b - 7*b. Suppose 137 = t + 21. Calculate the remainder when t is divided by b.
20
Let c = -322 - -3092. What is the remainder when c is divided by 33?
31
Let i(n) = -n**3 + 4*n**2 + 5*n + 4. Let b be -1 - (0 - -4)*32. Let g = -112 - b. What is the remainder when g is divided by i(5)?
1
Let f(x) = -x**3 + 8*x**2 + x - 63. Let n be f(7). What is the remainder when (-3 + 2)*(1 - 82) is divided by -8*n/12*9/2?
18
Let t = -4 + 4. Let n(j) = -j**3 - 2*j**2 - 2*j + 59. Calculate the remainder when n(t) is divided by 17.
8
Suppose 3*a - 1913 = 424. Calculate the remainder when a is divided by 7.
2
Let n(j) = -1390*j - 103. What is the remainder when n(-2) is divided by 158?
149
Suppose -2*i + 82 = -140. What is the remainder when 342 is divided by i?
9
Suppose 17*i + 294 = i + 3910. What is the remainder when i is divided by 70?
16
Let l be 345/25 - (1 - (-6)/(-5)). Suppose 0 = l*o + 362 - 1118. Calculate the remainder when 265 is divided by o.
49
Suppose 184 = 4*h - 60. Let w = -571 + 536. Let m = w + h. What is the remainder when 77 is divided by m?
25
What is the remainder when 169 is divided by 146*(2 - 2 - ((-3 - -11) + -9))?
23
Suppose -165 = -2*f - 25. Calculate the remainder when 141 is divided by f.
1
Let o = -48 - -54. Suppose -9*m = -o*m - 183. Suppose -2*x + 61 = -m. Calculate the remainder when x is divided by 16.
13
Let g be (1 - 39/21)*-7. Let q be g/(-4) - ((-14)/(-4))/(-1). Suppose 4*y = -q*y + 426. Calculate the remainder when y is divided by 24.
23
Let k = 40135 - 40056. Calculate the remainder when 1724 is divided by k.
65
Suppose -4*l - 12*n + 112 = -8*n, -2*l + 44 = -4*n. What is the remainder when 155 is divided by l?
25
Calculate the remainder when (-3)/(-2)*2 + 874 + -846 is divided by 30.
1
Let c = 173 - 176. Suppose -33 = 3*a + 3*g, 3*a + 37 = g - 0*g. Calculate the remainder when 28 is divided by (5/c)/1*(a - -9).
3
Suppose 19*n + 2*n - 63 = 0. Suppose -3*x + 33 = -4*b, 12*x = 7*x + n*b + 66. Calculate the remainder when 236 is divided by x.
11
Suppose 884 = -41*k - 28*k + 121*k. What is the remainder when 49 is divided by k?
15
Suppose 25 + 75 = 4*c. Let b(u) = u**2 - 5*u + 4. Let v be b(4). What is the remainder when v + (4 - 2) + 45 is divided by c?
22
Suppose t - 2*q = 3 + 29, -2*q + 40 = 3*t. Suppose -2*x + 5*x = 411. Let a = 332 - x. What is the remainder when a is divided by t?
15
Let z(d) = -d**2 + 109*d - 2338. Calculate the remainder when z(58) is divided by 25.
20
Let o(j) = 2339 - j + 4*j - 7*j**2 + j**3 - 2355. Suppose p - m = 12, -p + 29 = p - 3*m. What is the remainder when 14 is divided by o(p)?
4
Let z(n) = 3*n + 3. Let d be z(-3). Let u = 18237 + -18220. Calculate the remainder when (-2)/d - 190/(-6) is divided by u.
15
Let p = 748 - 415. Let d = p + -300. Let h(i) = -i**3 - 4*i**2 + i - 3. What is the remainder when d is divided by h(-5)?
16
Let h(p) = 0*p - 4 + 2*p + p. What is the remainder when 93 is divided by h(6)?
9
Let i(v) be the second derivative of -v**5/20 + 2*v**4/3 - v**3/3 - 15*v**2/2 + 12*v - 8. What is the remainder when i(4) is divided by 2?
1
Calculate the remainder when 8382/24 - 45/(-60) is divided by 311.
39
Let n = -77 - -104. Suppose g - n = 34. Let l(b) = 6*b - 2. Calculate the remainder when g is divided by l(3).
13
Let d(a) = -5*a - 38. Let n be d(-12). Suppose 5*w - 87 = -n. What is the remainder when 51 is divided by w?
12
Suppose 2*f - 6 = f. Let n be 1/f + (-1689)/(-18). Let b = n + -51. What is the remainder when b is divided by 11?
10
What is the remainder when 112 is divided by 17/1 + 13 - -12?
28
Let r(b) = -953*b - 6080. What is the remainder when r(-7) is divided by 197?
0
Let a = 4192 - 2940. Calculate the remainder when a is divided by 19.
17
Let j = 445 - 352. Calculate the remainder when ((-8060)/j)/((-2)/3) is divided by 45.
40
Let g(t) = 2*t - 2*t**2 - 3*t + 2*t + 1 + t**3. Let c = 41 - 29. Calculate the remainder when c is divided by g(2).
0
Calculate the remainder when 6238 is divided by (-595)/3570 - (0 - (-937)/(-6)).
154
Let l be (-2)/6 - -1 - 24/9. Let b be -2 + 4 + 0 + l/(-1). Calculate the remainder when 10/b*(-440)/(-100) is divided by 5.
1
Let d be 12/(-8)*(2 + 20/(-3)). Suppose -d*f + 189 = -42. Calculate the remainder when f is divided by 14.
5
Let c(u) = -20*u - 30. Let v be c(-2). Suppose v*w + 866 - 2716 = 0. Calculate the remainder when w is divided by 48.
41
Let s = -257 - -609. Suppose s = -6*z + 838. Calculate the remainder when 321 is divided by z.
78
Let l = 1294 - 1273. Let y(w) = 2*w + 2*w + 4 - 2*w**2 + w**2. Calculate the remainder when l is divided by y(4).
1
Let l = 10854 - 10838. Suppose -135 = -m - 11. Calculate the remainder when m is divided by l.
12
Let a(z) = z**3 - z**2 - 5*z + 11. Let p be a(2). Suppose 7*l + 2*x - 820 = 4*l, -p*l - 5*x = -1370. What is the remainder when l is divided by 39?
38
Let q(t) = t**2 + 3*t + 4. Let g be q(-2). Let i be (6*g/30)/(1/(-90)). Calculate the remainder when 11 is divided by ((-5)/(-3))/((-30)/i).
1
Let x(i) = -i**3 - 14*i**2 - 30*i - 161. Suppose -13 = 4*y - m + 34, -4*y - 72 = 4*m. What is the remainder when 177 is divided by x(y)?
57
Suppose 33*m = 35*m + 2*d - 34, -5*d = m - 13. What is the remainder when 1130 is divided by m?
14
Suppose -32*g + 18*g = -1666. Suppose 111*z + 2280 = g*z. What is the remainder when z is divided by 48?
45
Suppose 197 = -3*p + 119. Let k = p - -28. Suppose -6*r + 5*r + 2 = 0. Calculate the remainder when k is divided by r.
0
Suppose -5*l = i - 1409, -l - 5*i - 52 = -329. What is the remainder when l is divided by 38?
16
Suppose 0 = 8*u - 95 + 55. Suppose k + u*i - 89 = 0, -5*k - i = 4*i - 505. What is the remainder when k is divided by 27?
23
Suppose 11*i = -8 + 85. Suppose 78 - 8 = i*g. Suppose 4*x - 39 = 13. What is the remainder when x is divided by g?
3
Calculate the remainder when (2*404/32)/(1495/(-500) + 3) is divided by 72.
5
Let r(j) = -178*j + 831. Calculate the remainder when r(-23) is divided by 16.
13
Suppose -j = 3*j. Suppose j*q + 6 = -3*q, 4*v = 3*q + 66. Let m = 1193 - 1168. What is the remainder when m is divided by v?
10
Suppose 0 = -3*x - n + 6, 21 = -3*x + 6*x - 4*n. Suppose x*p + 638 = 752. What is the remainder when 106 is divided by p?
30
Let y = 166 + -97. Suppose 7*k + 251 = y. What is the remainder when 35 is divided by 4/k + (-158)/(-26)*2?
11
Suppose 45 = b + 36. Suppose -b*a + 6*a = -81. What is the remainder when 106 is divided by a?
25
Let c(u) = 9*u**3 + 11*u - 20*u**2 - 5 - 14*u**3 - 3*u**2 + 7*u**3. Let b be c(11). What is the remainder when 11 is divided by (b - -59)/(-6)*2/(-3)?
5
Let i(f) = -3*f**2 - 8367*f - 83356. Suppose 4*b = -8 - 20. Calculate the remainder when (2 + b)*(-68)/10 is divided by i(-10).
6
Calculate the remainder when 240 is divided by 6/5*((-13200)/9)/(-22).
0
Let h = -3240 - -3249. What is the remainder when 195 is divided by h?
6
Suppose -5*w + 51*m = 52*m - 10402, 4*w - 8321 = -m. Calculate the remainder when w is divided by 2.
1
Suppose 9*r - 65 = 151. What is the remainder when 670 is divided by r?
22
Let 